e of 64?
False
Does 10 divide 1513519?
False
Is 16119 a factor of 1765594665?
True
Does 92 divide 349284164?
True
Does 132 divide 43478899?
False
Is 4576628 a multiple of 158?
True
Is 4 a factor of 79306140?
True
Does 7912 divide 1350459720?
True
Is 41 a factor of 47405635?
True
Is 24 a factor of 2635732440?
True
Is 558 a factor of 60071490?
True
Is 3821983513 a multiple of 538?
False
Does 113 divide 73626958?
True
Is 2609 a factor of 286306442?
True
Does 2002 divide 148061350?
False
Is 3 a factor of 17432352?
True
Is 141 a factor of 110776864?
False
Does 7 divide 23367056?
False
Is 1751 a factor of 1270177151?
True
Does 149 divide 90401679?
False
Is 8704845 a multiple of 9?
True
Is 126163122 a multiple of 36?
False
Does 2237 divide 130576732?
False
Is 1263 a factor of 33852633?
False
Does 11 divide 1108538123?
True
Is 1076 a factor of 30452952?
True
Is 162 a factor of 74230636?
False
Is 107 a factor of 2836989365?
False
Is 4388685928 a multiple of 35?
False
Is 744 a factor of 137503848?
True
Is 179762556 a multiple of 89?
True
Does 37 divide 50625360?
False
Is 11474369 a multiple of 36?
False
Is 70 a factor of 34094037?
False
Does 432 divide 263790864?
True
Is 118547535 a multiple of 25?
False
Does 1678 divide 10289297?
False
Does 5 divide 114843244?
False
Does 56 divide 27050216?
False
Is 6 a factor of 83859504?
True
Is 98 a factor of 7846174?
True
Is 60 a factor of 403272575?
False
Does 1051 divide 3050767?
False
Is 2795 a factor of 46953205?
True
Does 147 divide 841365837?
False
Is 11 a factor of 39792789?
False
Is 58395136 a multiple of 16?
True
Is 126 a factor of 7623390551?
False
Is 999 a factor of 172821006?
True
Does 39 divide 5116144038?
False
Does 4 divide 86212023?
False
Does 569 divide 575527859?
False
Is 26 a factor of 2161536?
True
Is 263042 a multiple of 5?
False
Is 1508525556 a multiple of 436?
True
Is 163098819 a multiple of 2403?
True
Does 11 divide 3786796?
False
Is 8 a factor of 4065691?
False
Does 2 divide 33449971?
False
Does 324 divide 5826492?
True
Is 126 a factor of 1761597306?
True
Does 91 divide 223605636?
False
Does 2134 divide 509983347?
False
Does 6 divide 226762986?
True
Is 127810224 a multiple of 648?
True
Is 8345181 a multiple of 13?
True
Does 1517 divide 69486185?
True
Is 6 a factor of 586218185?
False
Is 82006313 a multiple of 7?
False
Does 3 divide 863222540?
False
Is 162 a factor of 1795116978?
True
Is 6089674 a multiple of 129?
False
Does 108 divide 207662616?
True
Does 203 divide 45194681?
False
Is 683706416 a multiple of 103?
False
Is 58998454 a multiple of 179?
False
Does 121 divide 3911742946?
False
Is 88398977 a multiple of 2893?
False
Does 529 divide 16605275?
False
Is 182 a factor of 776368675?
False
Does 1221 divide 1416745836?
True
Does 291 divide 75187857?
False
Is 1083 a factor of 7024338?
True
Is 8 a factor of 87111352?
True
Does 526 divide 127447170?
True
Does 64 divide 5702016?
True
Does 1260 divide 518381640?
True
Is 31 a factor of 1834801030?
True
Is 35 a factor of 60234930?
True
Is 113546192 a multiple of 74?
True
Is 105 a factor of 130048170?
True
Does 3882 divide 893147268?
True
Does 35 divide 15936580?
False
Is 4425694207 a multiple of 11?
True
Is 301369627 a multiple of 13?
True
Does 2504 divide 41133208?
True
Is 10 a factor of 87225550?
True
Is 9518274 a multiple of 9?
True
Is 11 a factor of 725771519?
True
Is 2551 a factor of 453307598?
True
Does 54 divide 737717976?
True
Is 812655973 a multiple of 19?
True
Is 9894864 a multiple of 44?
False
Is 1957169916 a multiple of 117?
True
Is 18 a factor of 1024741604?
False
Does 1176 divide 2650950?
False
Is 1182449460 a multiple of 10?
True
Does 30 divide 23125296?
False
Does 11 divide 108181503?
False
Is 659 a factor of 425313339?
False
Is 96946981 a multiple of 13?
False
Is 261563920 a multiple of 16?
True
Is 4726535 a multiple of 95?
True
Is 2419928756 a multiple of 5832?
False
Is 5421 a factor of 55039413?
True
Is 42838905 a multiple of 9?
False
Is 1900320229 a multiple of 28?
False
Does 5 divide 2803290?
True
Is 85 a factor of 845958480?
False
Does 570 divide 1154073795?
False
Is 384116720 a multiple of 13?
True
Is 36 a factor of 566816364?
True
Is 3596058 a multiple of 58?
True
Is 697755672 a multiple of 606?
True
Is 1229 a factor of 19718076?
True
Does 2 divide 16146305?
False
Is 12181443 a multiple of 626?
False
Does 14 divide 639241?
False
Does 855 divide 526856994?
False
Is 237425338 a multiple of 257?
True
Does 3423 divide 15457802?
False
Is 533 a factor of 4812990?
True
Does 251 divide 88342211?
True
Is 474394305 a multiple of 7?
True
Is 89903364 a multiple of 58?
True
Is 21942698 a multiple of 5?
False
Is 5 a factor of 304130?
True
Is 168 a factor of 31610733?
False
Is 100 a factor of 127063300?
True
Does 1823 divide 1196854190?
True
Does 20 divide 43668646?
False
Is 12 a factor of 1492137281?
False
Is 672 a factor of 151033380?
False
Does 10 divide 74350010?
True
Does 84 divide 7557720?
False
Is 23 a factor of 60905725?
True
Does 463 divide 423557258?
False
Is 85224919 a multiple of 134?
False
Is 385 a factor of 37576770?
True
Is 11019359 a multiple of 9?
False
Is 158 a factor of 47616903?
False
Is 713 a factor of 129148475?
False
Is 25 a factor of 164836150?
True
Is 85894752 a multiple of 374?
False
Is 114789032 a multiple of 1050?
False
Does 3139 divide 4577055956?
False
Is 7 a factor of 43571361?
False
Is 8360780 a multiple of 1010?
True
Is 87 a factor of 377735558?
False
Is 152530854 a multiple of 276?
False
Is 4636696130 a multiple of 46?
False
Does 9 divide 172302723?
True
Does 40 divide 54335280?
True
Is 8 a factor of 1357800?
True
Is 9 a factor of 33845882?
False
Is 51 a factor of 128716248?
True
Is 290128546 a multiple of 4223?
True
Is 185293942 a multiple of 359?
False
Does 550 divide 50056600?
True
Is 1164 a factor of 1189288056?
False
Is 28 a factor of 56538776?
True
Is 10852 a factor of 3228166144?
True
Is 2250 a factor of 3210548273?
False
Is 79695192 a multiple of 6?
True
Is 10 a factor of 259992042?
False
Is 34 a factor of 13930250?
False
Does 123 divide 244371972?
True
Is 429414240 a multiple of 96?
True
Is 33 a factor of 7223146?
False
Is 309 a factor of 136850229?
True
Is 4439214 a multiple of 2173?
False
Does 535 divide 11610034?
False
Is 748104448 a multiple of 1547?
True
Is 191486675 a multiple of 4?
False
Is 22 a factor of 3401832566?
True
Is 1661321638 a multiple of 3783?
False
Is 668527 a multiple of 3?
False
Is 32 a factor of 19340083?
False
Does 342 divide 256692350?
False
Is 1250653669 a multiple of 3871?
False
Is 2020686863 a multiple of 1066?
False
Does 1005 divide 1462898100?
True
Is 49 a factor of 67090898?
True
Does 371 divide 20838328?
True
Is 264 a factor of 490281000?
True
Does 1672 divide 149016911?
False
Does 56 divide 13438712?
True
Does 3 divide 19760376?
True
Is 20837721 a multiple of 337?
True
Is 407631987 a multiple of 27?
True
Is 1125114896 a multiple of 16?
True
Does 11 divide 1507369?
False
Is 1773441987 a multiple of 233?
True
Is 7 a factor of 3237311995?
False
Is 3 a factor of 36118413?
True
Is 143579698 a multiple of 578?
False
Is 19167176 a multiple of 1267?
True
Does 28 divide 123239648?
True
Does 110 divide 131971510?
True
Does 56 divide 183429400?
True
Is 58 a factor of 82039318?
True
Does 28 divide 20898332?
True
Does 425 divide 327549494?
False
Does 1267 divide 653785754?
False
Is 1093175946 a multiple of 11338?
True
Is 68 a factor of 168960791?
False
Is 307337598 a multiple of 387?
True
Is 7550051 a multiple of 12?
False
Does 63 divide 669573891?
True
Is 88 a factor of 43044232?
True
Does 898 divide 3092956916?
False
Is 768 a factor of 105910272?
True
Is 47 a factor of 154499860?
False
Is 252431854 a multiple of 46?
True
Does 131 divide 51755607?
False
Is 12 a factor of 642437330?
False
Is 9471546 a multiple of 9?
True
Is 151 a factor of 25346035?
False
Is 93099406 a multiple of 336?
False
Is 30101701 a multiple of 139?
True
Is 89 a factor of 363381193?
False
Is 67 a factor of 236762588?
False
Is 1889354192 a multiple of 44?
True
Is 682834713 a multiple of 19?
False
Does 528 divide 50552832?
True
Is 309540629 a multiple of 139?
True
Is 4 a factor of 12044132?
True
Is 96941306 a multiple of 154?
True
Is 242 a factor of 317176403?
False
Is 11763923 a multiple of 142?
Fa